by a?
70
Let z be (1/(7/12))/(101/3535). Suppose -h = -3*h - 3*q + 44, -4*h + q = -z. What is the remainder when 95 is divided by h?
15
Suppose -6*w = -4*w - 8. Suppose -w = 12*j - 76. Let l(a) = -7*a + 63. Calculate the remainder when 61 is divided by l(j).
19
Suppose 0 = -8*f + 7*f + 42. Let y = -48 + f. Let g = 27 + y. Calculate the remainder when 82 is divided by g.
19
Suppose 0 = -10*v - 249 - 111. Calculate the remainder when 55 is divided by 4*((-495)/v + -8).
9
Let l(t) = -25*t - 61. Suppose 50 + 109 = -53*n. What is the remainder when 29 is divided by l(n)?
1
Let a(b) = -4*b + 63. Let c be a(9). Suppose -2*t - 3*r + 43 = 0, -t + c = -0*t - 4*r. Calculate the remainder when t is divided by 15.
8
Suppose 226*w + 312 = 234*w. What is the remainder when -8 + 164 + 1/(-1) is divided by w?
38
Let c = 80 + -56. Let g = 853 - 905. What is the remainder when ((-117)/g)/(6/104) is divided by c?
15
Suppose 2*j = -11*j + 18689 + 13278. Calculate the remainder when j is divided by 37.
17
Let i be (18/(-8))/(210/(-48) + 4). What is the remainder when 186 is divided by (3/(-4))/(i/(-216))?
24
Suppose 10 = 5*j, -4*t + 27431 + 8773 = -2*j. Suppose o - t = -o. What is the remainder when (0 + 0 + 1)/(73/o) is divided by 9?
8
Suppose 4*w + 3 = w. Let p be (-2)/(w/(-2) - 1). Suppose -12*v = -p*v - 48. What is the remainder when 11 is divided by v?
5
Suppose 32*w + 6 = 34*w. Suppose -w*s + 52 = s. Calculate the remainder when (1/(-2))/(1/(-50)*1) is divided by s.
12
Let u(v) = v**2 + 29*v + 93. Suppose 884 = -32*y + 20. Calculate the remainder when 79 is divided by u(y).
1
Calculate the remainder when (-20)/(-6)*(-91224)/(-420) is divided by 190.
154
Let d = 15 + -11. Let t = 36 + -32. Suppose -5*j - 7*o = -t*o - 29, -4*o + 28 = 4*j. Calculate the remainder when d is divided by j.
0
What is the remainder when 1259 is divided by 2 + -1 - ((-1401)/45 - (-4)/30)?
11
Suppose -y + 161 = 4*c, -2*c - 3*y = -0*y - 83. Suppose 2*n - 5*d = -1 + c, -n = 5*d + 18. What is the remainder when 95 is divided by n?
4
Suppose 73*l - 63*l = 4680. Suppose 16*g + 2*g - l = 0. What is the remainder when 285 is divided by g?
25
Suppose 2*w + 4*w - 24 = 0. Suppose -488 = -m + w*b, -3*m + b - 710 = -2152. Suppose 15*t - m = -0*t. What is the remainder when 90 is divided by t?
26
Let m = 1752 - 1040. Calculate the remainder when m is divided by 51.
49
Let y(t) = t**3 - 2*t**2 + 2. Suppose -4*n = -11*n. Let f be y(n). Suppose -20 = -3*c - f. What is the remainder when 46 is divided by c?
4
Let f(z) = -4*z. What is the remainder when f(-2) is divided by (-177)/(-60) - 6/8 - 1/5?
0
Let i(g) = 2*g**2 + 421*g + 4057. What is the remainder when 1920 is divided by i(-10)?
40
Let v(z) = -257*z**3 - z**2 - 2*z + 2. Let n be v(1). Let b = n - -540. What is the remainder when b is divided by 13?
9
Suppose -20 = -2*z + 12. What is the remainder when 132 is divided by (102/(-72)*-3)/(2/z)?
30
Let z(l) = -2*l + 2 + 381*l**2 + 1 - 313*l**2. What is the remainder when 482 is divided by z(1)?
68
Let d be -124 + 5/(10/(-8)). Let l = 165 + d. Calculate the remainder when l is divided by 5.
2
Let v(s) = -s**2 + 24*s + 90. Let t be v(27). Let w(z) = z + 2. What is the remainder when 20 is divided by w(t)?
9
Let w = -73 - -91. Let v = -7 + w. Suppose 2*r + v = 2*t - 39, 4*t - 3*r = 96. Calculate the remainder when t is divided by 16.
5
Let b be (((-160)/6)/8)/(4/(-6)). Suppose b*s = -4*x + 225, 4*s = 4 + 16. Let u = x + -33. Calculate the remainder when u is divided by 5.
2
Suppose 149*s - 5580 = -37*s. What is the remainder when 1161 is divided by s?
21
Let s = 56 - -96. Suppose u - 277 - s = -4*a, -3*a - 2*u = -328. Calculate the remainder when 315 is divided by a.
103
What is the remainder when (8 - 1) + 7/(-1) - -296 is divided by 109?
78
Let u = 86 - 57. Calculate the remainder when u is divided by 10 + (-1 - 0) + (3 - 16) + 7.
2
Let m(x) = x**2 + 5*x**2 + 17*x**2 + 3*x + 2. Calculate the remainder when m(-2) is divided by (0 + -23)*((-68)/(-102))/((-24)/36).
19
Suppose -5*m + 1238 = 2*d, -d - 108 = -3*m + 648. What is the remainder when 999 is divided by m?
249
Suppose 77 = -40*l - 323. What is the remainder when 147 is divided by 48/l*(9 + 329/(-21))?
19
Suppose 0 = -3*t - 5*p + 148, -5*t + 45*p + 257 = 43*p. What is the remainder when 303 is divided by t?
48
Let g(q) = -134*q - 586. What is the remainder when 754 is divided by g(-5)?
82
Let g = -490 - -507. Calculate the remainder when 250 is divided by g.
12
Suppose -z - 4*q = -5*q - 153, 3*z = -4*q + 494. Suppose h + 255 = 6*h - 2*b, 3*h - 149 = 2*b. Calculate the remainder when z is divided by h.
52
Suppose 8*j = 6*j. Suppose 17*n - 14*n - 138 = j. Suppose 5*c - 2*k = -0*c + 72, -4*k - n = -3*c. What is the remainder when 25 is divided by c?
11
Let k be (-6)/(6*(-1)/(-232)) - -2. Let c = -221 - k. Suppose 203 = 5*u - 0*u - 4*a, -157 = -4*u + 5*a. Calculate the remainder when u is divided by c.
7
Let r = -24695 + 25404. Calculate the remainder when r is divided by 33.
16
Let u = -214 - -165. Let j = 54 + u. What is the remainder when j is divided by 3?
2
Suppose -11*j - 14*j + 350 = 0. Suppose -5*i - 2*k + 15 = j, k = -2*i. Calculate the remainder when 5 is divided by i.
0
Suppose 0 = -w - 40 - 5. Let g = w + 58. Calculate the remainder when g is divided by 2/(-4) + 42/12.
1
Let j(c) = -c**2 + 15*c - 14. Let l be j(14). Suppose l = -9*p - 0*p - 18. Calculate the remainder when 63 is divided by (p/4 - 2/4)*-8.
7
Suppose -3*d + 28 = d. Suppose -d*t = -4*t - 4*g - 144, 147 = 3*t - 3*g. Calculate the remainder when t is divided by 18.
16
Let i = 1217 - 1104. Calculate the remainder when 2484 is divided by i.
111
Let j = -37 + 42. Suppose -5 + 25 = j*l. Suppose -l*c + 250 = 18. What is the remainder when c is divided by 30?
28
Let x = 31 + 41. Suppose x*n + 245 = 79*n. Calculate the remainder when n is divided by 24.
11
Let c be 219*1*(-12)/18. Let k = c + 158. Calculate the remainder when 22 is divided by k.
10
Let a be 14/2*(-120)/(-7). Suppose -5*r + r = -a. Suppose 5*v = -t + 591, -589 = -5*v - 0*t + t. What is the remainder when v is divided by r?
28
Let a be 1095/40 + (-6)/16. Suppose -4*i = -3*j - 97, 0 = 3*i + 2*j - 87 + a. Calculate the remainder when 40 is divided by i.
18
Suppose 0 = 4*t - 5*t + 4*g - 136, -2*t - 269 = -5*g. Let z = -77 - t. Calculate the remainder when z is divided by 42/5 + 10/(-25).
7
Suppose -144*i = -166*i + 11440. Calculate the remainder when i is divided by 9.
7
Suppose -386 = -9*k + 5*k + m, -2*m - 292 = -3*k. Suppose 6*r - k = -0. What is the remainder when 63 is divided by r?
15
Let c = 12 - 40. Let u be 2/(-7) + (-4600)/c. Suppose h + u = 5*h. Calculate the remainder when h is divided by 14.
13
Let i = -68 - -142. Let x = -599 + 308. Let h = -253 - x. What is the remainder when i is divided by h?
36
Suppose -4*d - 64 = -2*k, -3*k = 38*d - 36*d - 56. Calculate the remainder when 303 is divided by k.
17
Suppose 0*g = 2*g - 172. Let s(q) be the second derivative of -q**3 + 172*q**2 - 53*q - 3. Calculate the remainder when g is divided by s(56).
6
Suppose -3*o - 8 = -o, 4*o = 5*v - 6. Calculate the remainder when (-84)/2*-1 - 0 is divided by (v - 37/(-2))*4/6.
9
Let l = -606 - -71. Let f = 549 + l. Let y(m) = -23*m - 5. What is the remainder when y(-5) is divided by f?
12
Let w = -18 - -29. Let z(v) = -4*v**2 - 627 - 2*v + v**3 - 5*v**3 + 626. Calculate the remainder when z(-2) is divided by w.
8
Suppose -2*l = -6*l + 364. Suppose 399*z - 14982 = -1017. What is the remainder when l is divided by z?
21
Suppose 3*m - 475 = -2*f, -3*m + 371 = -2*f - 108. Calculate the remainder when m is divided by 53/11 + (-2)/(-11).
4
Suppose 3*y - 5*g = 1437, -g = 319*y - 314*y - 2339. Calculate the remainder when y is divided by 139.
52
Calculate the remainder when 5/(-3*15/(-4365)) is divided by 30.
5
Let k be 6/5*5 - -7. What is the remainder when 24 is divided by -11 + k - -6*3?
4
Let u = -22402 + 23036. What is the remainder when 1296 is divided by u?
28
Let s(q) = 236*q**2 - 142*q - 525. What is the remainder when s(-4) is divided by 26?
23
Suppose -2787 = -q + 4*w, -2*q + 4009 + 1517 = 4*w. Calculate the remainder when q is divided by 111.
107
Suppose 108 = -464*d + 476*d. Calculate the remainder when 2942 is divided b